-z**3 - 9*z**2 - 12*z + 5. Give p(-7).
-9
Let f(k) = -k**2 - 10*k - 6. Calculate f(-4).
18
Let x(q) = -3*q**3 + q. Give x(-2).
22
Let v(f) = 4*f + 2. What is v(5)?
22
Let n(t) = 2*t + 52. Give n(-22).
8
Let t(k) = 2*k**3 + 4*k**2 - 3*k + 2. Determine t(-3).
-7
Let p(x) = 36*x**2 + x + 1. Give p(-1).
36
Let o(w) = w**3 + 9*w**2 + 7*w - 6. Give o(-6).
60
Let d(u) = 4*u - 1. Determine d(0).
-1
Let l(z) = -z + 22. What is l(8)?
14
Let l(t) = t**2 + 11*t + 19. What is l(-2)?
1
Let r(c) = -c**3 + 3*c**2 + 10*c - 25. Calculate r(4).
-1
Let y(b) = b**3 - 6*b**2 + 5*b - 10. What is y(6)?
20
Let r(j) = j**3 + 13*j**2 + 12*j - 12. Calculate r(-12).
-12
Let r(z) = -z**2 + 2*z - 3. Give r(4).
-11
Let t(r) = r**2 + 14*r + 14. Give t(-13).
1
Let c(d) = d**2 + 10*d + 4. Give c(-4).
-20
Let g(r) = -r**3 + 9*r**2 + 10*r - 11. Calculate g(10).
-11
Let q(h) = 18*h - 105. Calculate q(6).
3
Let p(k) = k**3 + 6*k**2 + k + 3. What is p(-3)?
27
Let s(q) = -q**2 + 10*q - 13. Give s(5).
12
Let q(t) = t**2 + 13*t + 10. Determine q(-10).
-20
Let q(v) = -29*v - 222. What is q(-8)?
10
Let t(o) = 29*o**2 + 1. Calculate t(-1).
30
Let d(i) = -i**3 - i**2 - 3. What is d(3)?
-39
Let t(l) = -2*l - 61. Give t(0).
-61
Let s(n) = 17*n + 2. What is s(4)?
70
Let z(s) = -s**3 - 6. Determine z(0).
-6
Let i(d) = -5*d + 49. What is i(25)?
-76
Let s(w) = -w**2 + 28*w + 142. Calculate s(33).
-23
Let m(y) = -y**3 + 7*y**2 - y - 21. What is m(6)?
9
Let y(w) = w**3 + 7*w**2 + 10*w + 11. Calculate y(-6).
-13
Let i(b) = -b**2 + 8*b - 5. Determine i(5).
10
Let g(s) = s**2 + 3*s - 1. Give g(-3).
-1
Let n(t) = 8*t + 66. Determine n(-8).
2
Let q(f) = -3*f**2 - 13*f - 34. Determine q(-5).
-44
Let q(k) = -k**2 - 8*k - 5. What is q(-4)?
11
Let v(o) = o**3 + 10*o**2 + 9*o + 2. Give v(-10).
-88
Let p(d) = d - 9. Determine p(-6).
-15
Let u(z) = z**2 + 8*z + 20. Give u(-3).
5
Let a(z) = z**2 + 4*z - 14. Give a(4).
18
Let x(d) = -2*d**2 - 4*d - 6. Calculate x(-5).
-36
Let d(b) = b - 22. Give d(0).
-22
Let m(a) = -4*a + 4. Give m(2).
-4
Let i(f) = -9*f - 585. What is i(-66)?
9
Let o(x) = -2*x**2 - 32*x - 7. Calculate o(-11).
103
Let z(b) = -b + 5. Give z(-5).
10
Let t(d) = -4*d + 13. Determine t(7).
-15
Let k(p) = -3*p - 4. Determine k(-4).
8
Let m(v) = -3*v + 8. Give m(-9).
35
Let c(p) = 14*p + 37. What is c(-8)?
-75
Let c(p) = 20*p - 23. Determine c(3).
37
Let r(g) = -14*g + 84. Give r(6).
0
Let p(t) = 5*t - 28. Determine p(6).
2
Let w(z) = -10*z - 1. Determine w(-1).
9
Let s(n) = n**2 + 7*n + 6. What is s(-5)?
-4
Let r(f) = 4*f + 49. Determine r(-17).
-19
Let s(r) = r**3 + 27*r**2 - 2*r - 35. Calculate s(-27).
19
Let k(j) = j**3 + 15*j**2 - j - 17. Give k(-15).
-2
Let j(r) = -2*r**2 - 40*r + 2. Give j(-20).
2
Let n(k) = -k**2 - 2*k + 3. What is n(-3)?
0
Let d(i) = -12*i**2 + 2*i - 1. What is d(1)?
-11
Let y(z) = 9*z - 18. Give y(6).
36
Let q(p) = -10*p + 87. Calculate q(10).
-13
Let c(z) = -3*z**2 - 69*z + 18. What is c(-23)?
18
Let v(x) = x**3 - 8*x**2 - 2*x + 19. What is v(8)?
3
Let l(f) = 26*f + 96. What is l(-4)?
-8
Let u(r) = -9*r**3 + r**2. Determine u(1).
-8
Let h(m) = 4*m**2 + 2*m + 4. Determine h(-4).
60
Let f(o) = -5*o + 10. Determine f(-14).
80
Let s(g) = -g**2 + 5. What is s(0)?
5
Let f(y) = -y**2 - 15*y - 14. Give f(-10).
36
Let z(g) = g**3 + 29*g**2 - 31*g - 33. Give z(-30).
-3
Let k(q) = 58*q - 94. What is k(2)?
22
Let v(p) = -13*p + 38. Give v(3).
-1
Let c(m) = -m - 2. What is c(-4)?
2
Let i(f) = -6*f**3 + f**2. Determine i(-1).
7
Let i(s) = -s**3 - 7*s**2 - 16*s - 2. Calculate i(-2).
10
Let c(i) = i**3 + 5*i**2 + 7*i + 3. Give c(-5).
-32
Let o(a) = 14*a - 33. Determine o(3).
9
Let z(i) = i**3 - 2*i**2 - 6*i + 6. Calculate z(3).
-3
Let j(p) = -2*p**2 + 10*p + 20. Calculate j(-3).
-28
Let z(s) = -s**3 + 5*s**2 - 25*s + 189. Calculate z(6).
3
Let m(k) = 3*k**3 + 121*k**2 - 83*k - 32. What is m(-41)?
9
Let x(v) = -v**3 - 15*v**2 - 14*v + 18. Give x(-14).
18
Let p(w) = -w**2 + 6*w + 7. Determine p(8).
-9
Let f(h) = h**3 + 13*h**2 + 29*h - 3. Calculate f(-10).
7
Let b(g) = -6*g**3 - 6*g + 4. What is b(2)?
-56
Let o(f) = f**3 - 2*f**2 + f. Calculate o(3).
12
Let r(j) = -107*j - 744. Calculate r(-7).
5
Let p(w) = w**2 + 2*w - 61. Calculate p(7).
2
Let w(u) = -u + 48. What is w(50)?
-2
Let x(w) = -7*w**2 - 75*w + 14. What is x(-11)?
-8
Let t(l) = 12*l - 23. Determine t(-10).
-143
Let d(l) = 3*l + 80. Give d(7).
101
Let p(j) = -j + 50. Determine p(22).
28
Let n(o) = o**3 - 8*o**2 + 10*o - 14. Determine n(7).
7
Let r(b) = 2*b + 29. Determine r(-14).
1
Let a(n) = n**3 + 12*n**2 + 18*n - 25. Give a(-10).
-5
Let s(y) = 2*y**3 + 52*y**2 - y - 38. What is s(-26)?
-12
Let i(o) = o**3 + 23*o**2 - 51*o - 17. Calculate i(-25).
8
Let u(a) = -3*a**2 + 58*a + 39. Calculate u(20).
-1
Let h(b) = 4*b + 32. What is h(-11)?
-12
Let g(n) = -n**3 + 2*n**2 - 3*n + 7. What is g(3)?
-11
Let s(j) = -j**2 + 15*j - 27. Calculate s(7).
29
Let a(d) = -2*d - 21. Give a(-10).
-1
Let q(b) = b**2 + 10*b + 33. Calculate q(-10).
33
Let x(h) = -3*h - 12. Determine x(-4).
0
Let z(m) = m**3 - 3*m**2 + m + 1. Calculate z(3).
4
Let x(g) = 3*g - 54. Calculate x(18).
0
Let c(w) = w**2 - 1. Calculate c(-1).
0
Let m(s) = -s**3 + 12*s**2 - 13*s + 4. Calculate m(11).
-18
Let n(q) = 213*q - 2346. Give n(11).
-3
Let w(o) = o**3 + o**2 - 2*o - 2. Give w(-3).
-14
Let b(d) = -2*d - 33. Determine b(-17).
1
Let q(f) = f**2 + 13*f - 6. What is q(-14)?
8
Let r(s) = -s**3 - s**2 + 40*s + 7. Calculate r(-7).
21
Let d(t) = t**2 + 3*t - 1. Calculate d(-4).
3
Let r(z) = -z - 3. Determine r(-8).
5
Let u(l) = -4*l + 5. Determine u(0).
5
Let a(y) = -4*y - 5. What is a(2)?
-13
Let n(r) = r**2 + 9*r + 17. Give n(-5).
-3
Let j(w) = w + 16. What is j(-22)?
-6
Let s(o) = -o**2 + 13*o - 34. Give s(9).
2
Let t(c) = 2*c**2 - 27*c + 53. Give t(12).
17
Let t(u) = u**3 + 29*u**2 - 130*u + 69. Determine t(-33).
3
Let s(r) = -3*r**2 + 29*r - 8. Calculate s(9).
10
Let j(x) = x**3 + 2*x**2 + 3. Give j(-3).
-6
Let o(q) = -4*q + 6. Calculate o(-7).
34
Let j(l) = l - 1. Determine j(-14).
-15
Let m(s) = s**3 - 6*s**2 + 10. Determine m(0).
10
Let c(d) = -10*d**2 + 54*d + 23. Calculate c(6).
-13
Let s(v) = v**2 + 7*v + 3. Give s(-7).
3
Let x(f) = -f**3 - 14*f**2 - 12*f - 2. Determine x(-13).
-15
Let n(w) = -13*w - 46. Determine n(-6).
32
Let v(r) = r**3 - 31*r**2 + 59*r - 29. Determine v(29).
0
Let b(d) = d**2 + 9*d + 9. Determine b(-9).
9
Let z(i) = i**3 + 15*i**2 + 11*i - 31. Give z(-14).
11
Let u(y) = 3*y + 60. Give u(-19).
3
Let g(l) = -3*l**3 - 5*l**2 - l. What is g(-2)?
6
Let l(v) = -3*v + 67. What is l(9)?
40
Let p(j) = -j**3 + j**2 - j - 7. Give p(0).
-7
Let f(o) = 2*o**2 - 67*o - 40. Determine f(34).
-6
Let o(j) = -9*j + 107. Give o(16).
-37
Let f(x) = x**2 + 10*x + 16. Calculate f(-9).
7
Let t(i) = i**3 + 9*i**2 - 8*i + 10. Give t(-10).
-10
Let b(v) = 2*v**3 + 47*v**2 + 23*v + 23. Determine b(-23).
23
Let m(l) = -4*l**2 + 2*l. Calculate m(3).
-30
Let z(g) = -3*g + 60. Determine z(19).
3
Let f(i) = -4*i**2 + 7*i + 14. Determine f(3).
-1
Let n(i) = 4*i**2 - 2*i - 2. Calculate n(2).
10
Let y(f) = -f**2 + 28*f - 33. Give y(26).
19
Let d(k) = -k + 30. Determine d(9).
21
Let g(m) = m**3 - 12*m**2 - 13*m - 14. Calculate g(13).
-14
Let d(s) = 6*s**2 - 10*s + 6. Give d(3).
30
Let q(l) = -8*l - 24. Determine q(-3).
0
Let w(u) = 12*u - 2. Give w(2).
22
Let q(g) = g**3 + 15*g**2 + 32*g - 4. Give q(-3).
8
Let t(u) = -10*u - 53. Calculate t(-6).
7
Let w(a) = -4*a + 8. Calculate w(4).
-8
Let c(x) = -2*x**3 + 5*x - 4. Determine c(1).
-1
Let i(z) = -3*z - 94. Calculate i(-23).
-25
Let h(x) = 25*x - 38. Determine h(-2).
-88
Let d(l) = -l**3 - 9*l**2 + 7*l - 3. Calculate d(-8).
-123
Let r(w) = -w**3 - 16*w**2 - 31*w - 68. What is r(-14)?
-26
Let a(d) = d - 26. What is a(17)?
-9
Let u(d) = 3*d**3 + 8*d**2 + 5*d + 10. Calculate u(-4).
-74
Let l(z) = -z**3 - 14*z**2 + 14*z - 17. Determine l(-15).
-2
Let o(v) = v**3 + 9*v**2 + 10*v + 7. Give o(-8).
-9
Let q(c) = c - 8. Calculate q(0).
-8
Let o(c) = -4*c**2 + 66*c - 31. Determine o(16).
1
Let o(f) = -15*f - 115. Give o(-10).
35
Let h(r) = 3*r**3 - 3*r**2 - 2*r + 3. What is h(1)?
1
Let v(j) = -4*j - 47. Give v(-13).
5
Let s(h) = -2*h**2 - 7*h + 21. What is s(-5)?
6
Let g(o) = -o**3 - 56*o**2 - 24. What is g(-56)?
-24
Let g(w) = -28*w**2 - 